Last updated on 2024-07-04 15:49:25 CEST.
Flavor | Version | Tinstall | Tcheck | Ttotal | Status | Flags |
---|---|---|---|---|---|---|
r-devel-linux-x86_64-debian-clang | 1.1.4 | 44.18 | 50.53 | 94.71 | OK | |
r-devel-linux-x86_64-debian-gcc | 1.1.4 | 42.20 | 37.17 | 79.37 | OK | |
r-devel-linux-x86_64-fedora-clang | 1.1.4 | 141.42 | OK | |||
r-devel-linux-x86_64-fedora-gcc | 1.1.4 | 161.02 | OK | |||
r-devel-windows-x86_64 | 1.1.4 | 44.00 | 88.00 | 132.00 | OK | |
r-patched-linux-x86_64 | 1.1.4 | 48.78 | 49.43 | 98.21 | OK | |
r-release-linux-x86_64 | 1.1.4 | 44.88 | 48.88 | 93.76 | OK | |
r-release-macos-arm64 | 1.1.4 | 36.00 | NOTE | |||
r-release-macos-x86_64 | 1.1.4 | 54.00 | NOTE | |||
r-release-windows-x86_64 | 1.1.4 | 44.00 | 90.00 | 134.00 | OK | |
r-oldrel-macos-arm64 | 1.1.4 | 45.00 | NOTE | |||
r-oldrel-macos-x86_64 | 1.1.4 | 69.00 | NOTE | |||
r-oldrel-windows-x86_64 | 1.1.4 | 53.00 | 104.00 | 157.00 | OK |
Version: 1.1.4
Check: installed package size
Result: NOTE
installed size is 6.1Mb
sub-directories of 1Mb or more:
libs 6.0Mb
Flavors: r-release-macos-arm64, r-release-macos-x86_64, r-oldrel-macos-arm64, r-oldrel-macos-x86_64