Last updated on 2024-06-10 03:49:07 CEST.
Flavor | Version | Tinstall | Tcheck | Ttotal | Status | Flags |
---|---|---|---|---|---|---|
r-devel-linux-x86_64-debian-clang | 1.5.3 | 328.81 | 104.43 | 433.24 | OK | |
r-devel-linux-x86_64-debian-gcc | 1.5.3 | OK | ||||
r-devel-linux-x86_64-fedora-clang | 1.5.3 | 587.38 | OK | |||
r-devel-linux-x86_64-fedora-gcc | 1.5.3 | 667.20 | OK | |||
r-devel-windows-x86_64 | 1.5.3 | 233.00 | 153.00 | 386.00 | OK | |
r-patched-linux-x86_64 | 1.5.3 | 270.86 | 96.66 | 367.52 | OK | |
r-release-linux-x86_64 | 1.5.3 | 282.66 | 100.43 | 383.09 | OK | |
r-release-macos-arm64 | 1.5.3 | 116.00 | NOTE | |||
r-release-macos-x86_64 | 1.5.3 | 121.00 | NOTE | |||
r-release-windows-x86_64 | 1.5.3 | 230.00 | 155.00 | 385.00 | OK | |
r-oldrel-macos-arm64 | 1.5.3 | 127.00 | NOTE | |||
r-oldrel-macos-x86_64 | 1.5.3 | 184.00 | NOTE | |||
r-oldrel-windows-x86_64 | 1.5.3 | 291.00 | 191.00 | 482.00 | OK |
Version: 1.5.3
Check: installed package size
Result: NOTE
installed size is 19.1Mb
sub-directories of 1Mb or more:
libs 17.8Mb
Flavors: r-release-macos-arm64, r-release-macos-x86_64, r-oldrel-macos-arm64, r-oldrel-macos-x86_64