Last updated on 2024-07-04 15:49:27 CEST.
Flavor | Version | Tinstall | Tcheck | Ttotal | Status | Flags |
---|---|---|---|---|---|---|
r-devel-linux-x86_64-debian-clang | 0.1.1 | 3.52 | 67.43 | 70.95 | NOTE | |
r-devel-linux-x86_64-debian-gcc | 0.1.1 | 2.87 | 48.82 | 51.69 | NOTE | |
r-devel-linux-x86_64-fedora-clang | 0.1.1 | 87.80 | NOTE | |||
r-devel-linux-x86_64-fedora-gcc | 0.1.1 | 94.53 | NOTE | |||
r-devel-windows-x86_64 | 0.1.1 | 4.00 | 76.00 | 80.00 | NOTE | |
r-patched-linux-x86_64 | 0.1.1 | 2.68 | 62.26 | 64.94 | NOTE | |
r-release-linux-x86_64 | 0.1.1 | 3.78 | 62.96 | 66.74 | NOTE | |
r-release-macos-arm64 | 0.1.1 | 35.00 | NOTE | |||
r-release-macos-x86_64 | 0.1.1 | 51.00 | NOTE | |||
r-release-windows-x86_64 | 0.1.1 | 4.00 | 77.00 | 81.00 | NOTE | |
r-oldrel-macos-arm64 | 0.1.1 | 34.00 | NOTE | |||
r-oldrel-macos-x86_64 | 0.1.1 | 53.00 | NOTE | |||
r-oldrel-windows-x86_64 | 0.1.1 | 4.00 | 84.00 | 88.00 | NOTE |
Version: 0.1.1
Check: LazyData
Result: NOTE
'LazyData' is specified without a 'data' directory
Flavors: r-devel-linux-x86_64-debian-clang, r-devel-linux-x86_64-debian-gcc, r-devel-linux-x86_64-fedora-clang, r-devel-linux-x86_64-fedora-gcc, r-devel-windows-x86_64, r-patched-linux-x86_64, r-release-linux-x86_64, r-release-macos-arm64, r-release-macos-x86_64, r-release-windows-x86_64, r-oldrel-macos-arm64, r-oldrel-macos-x86_64, r-oldrel-windows-x86_64