Last updated on 2024-07-04 15:49:27 CEST.
Flavor | Version | Tinstall | Tcheck | Ttotal | Status | Flags |
---|---|---|---|---|---|---|
r-devel-linux-x86_64-debian-clang | 1.1.2 | 6.31 | 50.87 | 57.18 | NOTE | |
r-devel-linux-x86_64-debian-gcc | 1.1.2 | 5.31 | 38.24 | 43.55 | NOTE | |
r-devel-linux-x86_64-fedora-clang | 1.1.2 | 73.94 | NOTE | |||
r-devel-linux-x86_64-fedora-gcc | 1.1.2 | 68.37 | NOTE | |||
r-devel-windows-x86_64 | 1.1.2 | 7.00 | 59.00 | 66.00 | OK | |
r-patched-linux-x86_64 | 1.1.2 | 5.21 | 48.73 | 53.94 | NOTE | |
r-release-linux-x86_64 | 1.1.2 | 6.74 | 48.43 | 55.17 | NOTE | |
r-release-macos-arm64 | 1.1.2 | 24.00 | OK | |||
r-release-macos-x86_64 | 1.1.2 | 35.00 | OK | |||
r-release-windows-x86_64 | 1.1.2 | 7.00 | 59.00 | 66.00 | OK | |
r-oldrel-macos-arm64 | 1.1.2 | 25.00 | OK | |||
r-oldrel-macos-x86_64 | 1.1.2 | 38.00 | NOTE | |||
r-oldrel-windows-x86_64 | 1.1.2 | 9.00 | 68.00 | 77.00 | OK |
Version: 1.1.2
Check: package dependencies
Result: NOTE
Package suggested but not available for checking: ‘wTO’
Flavors: r-devel-linux-x86_64-debian-clang, r-devel-linux-x86_64-debian-gcc, r-devel-linux-x86_64-fedora-clang, r-devel-linux-x86_64-fedora-gcc, r-patched-linux-x86_64, r-release-linux-x86_64, r-oldrel-macos-x86_64