Last updated on 2024-07-04 15:49:28 CEST.
Flavor | Version | Tinstall | Tcheck | Ttotal | Status | Flags |
---|---|---|---|---|---|---|
r-devel-linux-x86_64-debian-clang | 0.0.1 | 5.45 | 30.56 | 36.01 | NOTE | |
r-devel-linux-x86_64-debian-gcc | 0.0.1 | 3.89 | 23.13 | 27.02 | NOTE | |
r-devel-linux-x86_64-fedora-clang | 0.0.1 | 47.10 | NOTE | |||
r-devel-linux-x86_64-fedora-gcc | 0.0.1 | 56.93 | NOTE | |||
r-devel-windows-x86_64 | 0.0.1 | 5.00 | 45.00 | 50.00 | NOTE | |
r-patched-linux-x86_64 | 0.0.1 | 3.98 | 28.35 | 32.33 | NOTE | |
r-release-linux-x86_64 | 0.0.1 | 4.94 | 29.37 | 34.31 | NOTE | |
r-release-macos-arm64 | 0.0.1 | 24.00 | NOTE | |||
r-release-macos-x86_64 | 0.0.1 | 35.00 | NOTE | |||
r-release-windows-x86_64 | 0.0.1 | 6.00 | 46.00 | 52.00 | NOTE | |
r-oldrel-macos-arm64 | 0.0.1 | 26.00 | OK | |||
r-oldrel-macos-x86_64 | 0.0.1 | 36.00 | OK | |||
r-oldrel-windows-x86_64 | 0.0.1 | 7.00 | 46.00 | 53.00 | OK |
Version: 0.0.1
Check: Rd files
Result: NOTE
checkRd: (-1) data.Rd:11: Lost braces
11 | \doi{10.1007/s40258-021-00647-3}{DOI}
| ^
Flavors: r-devel-linux-x86_64-debian-clang, r-devel-linux-x86_64-debian-gcc, r-devel-linux-x86_64-fedora-clang, r-devel-linux-x86_64-fedora-gcc, r-devel-windows-x86_64, r-patched-linux-x86_64, r-release-linux-x86_64, r-release-macos-arm64, r-release-macos-x86_64, r-release-windows-x86_64
Version: 0.0.1
Check: data for non-ASCII characters
Result: NOTE
Note: found 122 marked UTF-8 strings
Flavors: r-devel-linux-x86_64-fedora-clang, r-devel-linux-x86_64-fedora-gcc