Last updated on 2024-06-10 03:49:11 CEST.
Flavor | Version | Tinstall | Tcheck | Ttotal | Status | Flags |
---|---|---|---|---|---|---|
r-devel-linux-x86_64-debian-clang | 1.7.4 | 45.96 | 124.24 | 170.20 | NOTE | |
r-devel-linux-x86_64-debian-gcc | 1.7.4 | NOTE | ||||
r-devel-linux-x86_64-fedora-clang | 1.7.4 | 219.69 | NOTE | |||
r-devel-linux-x86_64-fedora-gcc | 1.7.4 | 213.22 | NOTE | |||
r-devel-windows-x86_64 | 1.7.4 | 37.00 | 126.00 | 163.00 | NOTE | |
r-patched-linux-x86_64 | 1.7.4 | 40.90 | 120.31 | 161.21 | NOTE | |
r-release-linux-x86_64 | 1.7.4 | 36.12 | 117.20 | 153.32 | NOTE | |
r-release-macos-arm64 | 1.7.4 | 54.00 | NOTE | |||
r-release-macos-x86_64 | 1.7.4 | 111.00 | NOTE | |||
r-release-windows-x86_64 | 1.7.4 | 38.00 | 136.00 | 174.00 | NOTE | |
r-oldrel-macos-arm64 | 1.7.4 | 57.00 | NOTE | |||
r-oldrel-macos-x86_64 | 1.7.4 | 106.00 | NOTE | |||
r-oldrel-windows-x86_64 | 1.7.4 | 46.00 | 160.00 | 206.00 | NOTE |
Version: 1.7.4
Check: C++ specification
Result: NOTE
Specified C++11: please drop specification unless essential
Flavors: r-devel-linux-x86_64-debian-clang, r-devel-linux-x86_64-debian-gcc, r-devel-linux-x86_64-fedora-clang, r-devel-linux-x86_64-fedora-gcc, r-devel-windows-x86_64, r-patched-linux-x86_64, r-release-linux-x86_64, r-release-macos-arm64, r-release-macos-x86_64, r-release-windows-x86_64, r-oldrel-macos-arm64, r-oldrel-macos-x86_64, r-oldrel-windows-x86_64