Last updated on 2024-07-04 15:49:29 CEST.
Flavor | Version | Tinstall | Tcheck | Ttotal | Status | Flags |
---|---|---|---|---|---|---|
r-devel-linux-x86_64-debian-clang | 1.10 | 111.18 | 275.16 | 386.34 | OK | |
r-devel-linux-x86_64-debian-gcc | 1.10 | 69.01 | 196.02 | 265.03 | OK | |
r-devel-linux-x86_64-fedora-clang | 1.10 | 492.13 | OK | |||
r-devel-linux-x86_64-fedora-gcc | 1.10 | 484.48 | OK | |||
r-devel-windows-x86_64 | 1.10 | 80.00 | 213.00 | 293.00 | OK | |
r-patched-linux-x86_64 | 1.10 | 86.62 | 267.90 | 354.52 | OK | |
r-release-linux-x86_64 | 1.10 | 84.95 | 265.54 | 350.49 | OK | |
r-release-macos-arm64 | 1.10 | 119.00 | NOTE | |||
r-release-macos-x86_64 | 1.10 | 158.00 | NOTE | |||
r-release-windows-x86_64 | 1.10 | 80.00 | 214.00 | 294.00 | OK | |
r-oldrel-macos-arm64 | 1.10 | 131.00 | NOTE | |||
r-oldrel-macos-x86_64 | 1.10 | 227.00 | NOTE | |||
r-oldrel-windows-x86_64 | 1.10 | 97.00 | 290.00 | 387.00 | OK |
Version: 1.10
Check: installed package size
Result: NOTE
installed size is 5.0Mb
sub-directories of 1Mb or more:
libs 4.4Mb
Flavors: r-release-macos-arm64, r-release-macos-x86_64, r-oldrel-macos-arm64, r-oldrel-macos-x86_64