Last updated on 2024-07-04 15:49:30 CEST.
Flavor | Version | Tinstall | Tcheck | Ttotal | Status | Flags |
---|---|---|---|---|---|---|
r-devel-linux-x86_64-debian-clang | 0.6.2 | 196.46 | 44.93 | 241.39 | OK | |
r-devel-linux-x86_64-debian-gcc | 0.6.2 | 160.01 | 47.35 | 207.36 | OK | |
r-devel-linux-x86_64-fedora-clang | 0.6.2 | 318.64 | OK | |||
r-devel-linux-x86_64-fedora-gcc | 0.6.2 | 419.22 | OK | |||
r-devel-windows-x86_64 | 0.6.2 | 144.00 | 91.00 | 235.00 | OK | |
r-patched-linux-x86_64 | 0.6.2 | 183.50 | 59.72 | 243.22 | OK | |
r-release-linux-x86_64 | 0.6.2 | 181.59 | 61.23 | 242.82 | OK | |
r-release-macos-arm64 | 0.6.2 | 84.00 | NOTE | |||
r-release-macos-x86_64 | 0.6.2 | 76.00 | NOTE | |||
r-release-windows-x86_64 | 0.6.2 | 144.00 | 84.00 | 228.00 | OK | |
r-oldrel-macos-arm64 | 0.6.2 | 77.00 | NOTE | |||
r-oldrel-macos-x86_64 | 0.6.2 | 101.00 | NOTE | |||
r-oldrel-windows-x86_64 | 0.6.2 | 182.00 | 105.00 | 287.00 | OK |
Version: 0.6.2
Check: installed package size
Result: NOTE
installed size is 55.0Mb
sub-directories of 1Mb or more:
libs 54.8Mb
Flavors: r-release-macos-arm64, r-release-macos-x86_64, r-oldrel-macos-arm64, r-oldrel-macos-x86_64