Last updated on 2025-02-22 15:50:47 CET.
Flavor | Version | Tinstall | Tcheck | Ttotal | Status | Flags |
---|---|---|---|---|---|---|
r-devel-linux-x86_64-debian-clang | 1.0 | 0.61 | 2.09 | 2.70 | ERROR | |
r-devel-linux-x86_64-debian-gcc | 1.0 | 55.75 | 543.92 | 599.67 | OK | |
r-devel-linux-x86_64-fedora-clang | 1.0 | 1348.95 | OK | |||
r-devel-linux-x86_64-fedora-gcc | 1.0 | 1304.35 | OK | |||
r-devel-macos-arm64 | 1.0 | 9.00 | ERROR | |||
r-devel-macos-x86_64 | 1.0 | 6.00 | ERROR | |||
r-devel-windows-x86_64 | 1.0 | 72.00 | 618.00 | 690.00 | OK | |
r-patched-linux-x86_64 | 1.0 | 60.69 | 689.67 | 750.36 | OK | |
r-release-linux-x86_64 | 1.0 | 66.29 | 684.02 | 750.31 | OK | |
r-release-macos-arm64 | 1.0 | 10.00 | ERROR | |||
r-release-macos-x86_64 | 1.0 | 11.00 | ERROR | |||
r-release-windows-x86_64 | 1.0 | 71.00 | 605.00 | 676.00 | OK | |
r-oldrel-macos-arm64 | 1.0 | 11.00 | ERROR | |||
r-oldrel-macos-x86_64 | 1.0 | 12.00 | ERROR | |||
r-oldrel-windows-x86_64 | 1.0 | 1.00 | 8.00 | 9.00 | ERROR |
Version: 1.0
Check: package dependencies
Result: ERROR
Packages required but not available:
'EnsDb.Hsapiens.v75', 'ensembldb', 'Gviz'
See section ‘The DESCRIPTION file’ in the ‘Writing R Extensions’
manual.
Flavor: r-devel-linux-x86_64-debian-clang
Version: 1.0
Check: package dependencies
Result: ERROR
Package required but not available: ‘EnsDb.Hsapiens.v75’
See section ‘The DESCRIPTION file’ in the ‘Writing R Extensions’
manual.
Flavors: r-devel-macos-arm64, r-devel-macos-x86_64, r-release-macos-arm64, r-release-macos-x86_64, r-oldrel-macos-arm64, r-oldrel-macos-x86_64, r-oldrel-windows-x86_64