Last updated on 2024-07-04 15:49:32 CEST.
Flavor | Version | Tinstall | Tcheck | Ttotal | Status | Flags |
---|---|---|---|---|---|---|
r-devel-linux-x86_64-debian-clang | 1.0.0 | 7.96 | 88.15 | 96.11 | NOTE | |
r-devel-linux-x86_64-debian-gcc | 1.0.0 | 5.35 | 62.63 | 67.98 | NOTE | |
r-devel-linux-x86_64-fedora-clang | 1.0.0 | 115.36 | NOTE | |||
r-devel-linux-x86_64-fedora-gcc | 1.0.0 | 108.19 | NOTE | |||
r-devel-windows-x86_64 | 1.0.0 | 7.00 | 75.00 | 82.00 | NOTE | |
r-patched-linux-x86_64 | 1.0.0 | 7.30 | 80.11 | 87.41 | NOTE | |
r-release-linux-x86_64 | 1.0.0 | 6.01 | 80.30 | 86.31 | NOTE | |
r-release-macos-arm64 | 1.0.0 | 32.00 | NOTE | |||
r-release-macos-x86_64 | 1.0.0 | 48.00 | NOTE | |||
r-release-windows-x86_64 | 1.0.0 | 7.00 | 75.00 | 82.00 | NOTE | |
r-oldrel-macos-arm64 | 1.0.0 | 35.00 | OK | |||
r-oldrel-macos-x86_64 | 1.0.0 | 59.00 | OK | |||
r-oldrel-windows-x86_64 | 1.0.0 | 8.00 | 91.00 | 99.00 | OK |
Version: 1.0.0
Check: Rd files
Result: NOTE
checkRd: (-1) artset1987.Rd:10: Lost braces in \itemize; meant \describe ?
checkRd: (-1) tumor.Rd:10: Lost braces in \itemize; meant \describe ?
checkRd: (-1) tumor.Rd:11: Lost braces in \itemize; meant \describe ?
checkRd: (-1) tumor.Rd:12: Lost braces in \itemize; meant \describe ?
Flavors: r-devel-linux-x86_64-debian-clang, r-devel-linux-x86_64-debian-gcc, r-devel-linux-x86_64-fedora-clang, r-devel-linux-x86_64-fedora-gcc, r-devel-windows-x86_64, r-patched-linux-x86_64, r-release-linux-x86_64, r-release-macos-arm64, r-release-macos-x86_64, r-release-windows-x86_64