Last updated on 2024-07-04 15:49:31 CEST.
Flavor | Version | Tinstall | Tcheck | Ttotal | Status | Flags |
---|---|---|---|---|---|---|
r-devel-linux-x86_64-debian-clang | 0.1.5.9 | 12.03 | 103.78 | 115.81 | OK | |
r-devel-linux-x86_64-debian-gcc | 0.1.5.9 | 9.49 | 77.85 | 87.34 | OK | |
r-devel-linux-x86_64-fedora-clang | 0.1.5.9 | 147.07 | OK | |||
r-devel-linux-x86_64-fedora-gcc | 0.1.5.9 | 148.08 | OK | |||
r-devel-windows-x86_64 | 0.1.5.9 | 11.00 | 94.00 | 105.00 | OK | |
r-patched-linux-x86_64 | 0.1.5.9 | 11.59 | 102.94 | 114.53 | OK | |
r-release-linux-x86_64 | 0.1.5.9 | 10.54 | 99.28 | 109.82 | OK | |
r-release-macos-arm64 | 0.1.5.9 | 45.00 | OK | |||
r-release-macos-x86_64 | 0.1.5.9 | 105.00 | OK | |||
r-release-windows-x86_64 | 0.1.5.9 | 11.00 | 99.00 | 110.00 | OK | |
r-oldrel-macos-arm64 | 0.1.5.9 | 6.00 | ERROR | |||
r-oldrel-macos-x86_64 | 0.1.5.9 | 48.00 | OK | |||
r-oldrel-windows-x86_64 | 0.1.5.9 | 12.00 | 119.00 | 131.00 | OK |
Version: 0.1.5.9
Check: package dependencies
Result: ERROR
Package required but not available: ‘snpStats’
See section ‘The DESCRIPTION file’ in the ‘Writing R Extensions’
manual.
Flavor: r-oldrel-macos-arm64