Last updated on 2024-07-04 15:49:36 CEST.
Flavor | Version | Tinstall | Tcheck | Ttotal | Status | Flags |
---|---|---|---|---|---|---|
r-devel-linux-x86_64-debian-clang | 1.0 | 44.00 | 105.36 | 149.36 | OK | |
r-devel-linux-x86_64-debian-gcc | 1.0 | 32.33 | 76.59 | 108.92 | OK | |
r-devel-linux-x86_64-fedora-clang | 1.0 | 204.40 | NOTE | |||
r-devel-linux-x86_64-fedora-gcc | 1.0 | 189.11 | NOTE | |||
r-devel-windows-x86_64 | 1.0 | 35.00 | 108.00 | 143.00 | OK | |
r-patched-linux-x86_64 | 1.0 | 31.80 | 101.04 | 132.84 | OK | |
r-release-linux-x86_64 | 1.0 | 35.54 | 99.45 | 134.99 | OK | |
r-release-macos-arm64 | 1.0 | 50.00 | OK | |||
r-release-macos-x86_64 | 1.0 | 71.00 | OK | |||
r-release-windows-x86_64 | 1.0 | 38.00 | 109.00 | 147.00 | OK | |
r-oldrel-macos-arm64 | 1.0 | 65.00 | OK | |||
r-oldrel-macos-x86_64 | 1.0 | 115.00 | OK | |||
r-oldrel-windows-x86_64 | 1.0 | 46.00 | 140.00 | 186.00 | OK |
Version: 1.0
Check: compiled code
Result: NOTE
File ‘MiSPU/libs/MiSPU.so’:
Found no calls to: ‘R_registerRoutines’, ‘R_useDynamicSymbols’
It is good practice to register native routines and to disable symbol
search.
See ‘Writing portable packages’ in the ‘Writing R Extensions’ manual.
Flavors: r-devel-linux-x86_64-fedora-clang, r-devel-linux-x86_64-fedora-gcc