Last updated on 2024-07-04 15:49:37 CEST.
Flavor | Version | Tinstall | Tcheck | Ttotal | Status | Flags |
---|---|---|---|---|---|---|
r-devel-linux-x86_64-debian-clang | 1.0.1 | 7.58 | 82.52 | 90.10 | NOTE | |
r-devel-linux-x86_64-debian-gcc | 1.0.1 | 7.50 | 61.33 | 68.83 | NOTE | |
r-devel-linux-x86_64-fedora-clang | 1.0.1 | 112.72 | NOTE | |||
r-devel-linux-x86_64-fedora-gcc | 1.0.1 | 107.17 | NOTE | |||
r-devel-windows-x86_64 | 1.0.1 | 8.00 | 80.00 | 88.00 | NOTE | |
r-patched-linux-x86_64 | 1.0.1 | 6.78 | 78.03 | 84.81 | NOTE | |
r-release-linux-x86_64 | 1.0.1 | 7.22 | 77.29 | 84.51 | NOTE | |
r-release-macos-arm64 | 1.0.1 | 33.00 | NOTE | |||
r-release-macos-x86_64 | 1.0.1 | 51.00 | NOTE | |||
r-release-windows-x86_64 | 1.0.1 | 8.00 | 77.00 | 85.00 | NOTE | |
r-oldrel-macos-arm64 | 1.0.1 | 39.00 | NOTE | |||
r-oldrel-macos-x86_64 | 1.0.1 | 64.00 | NOTE | |||
r-oldrel-windows-x86_64 | 1.0.1 | 11.00 | 95.00 | 106.00 | NOTE |
Version: 1.0.1
Check: LazyData
Result: NOTE
'LazyData' is specified without a 'data' directory
Flavors: r-devel-linux-x86_64-debian-clang, r-devel-linux-x86_64-debian-gcc, r-devel-linux-x86_64-fedora-clang, r-devel-linux-x86_64-fedora-gcc, r-devel-windows-x86_64, r-patched-linux-x86_64, r-release-linux-x86_64, r-release-macos-arm64, r-release-macos-x86_64, r-release-windows-x86_64, r-oldrel-macos-arm64, r-oldrel-macos-x86_64, r-oldrel-windows-x86_64