Last updated on 2024-07-04 15:49:38 CEST.
Flavor | Version | Tinstall | Tcheck | Ttotal | Status | Flags |
---|---|---|---|---|---|---|
r-devel-linux-x86_64-debian-clang | 1.0.1 | 43.30 | 77.17 | 120.47 | NOTE | |
r-devel-linux-x86_64-debian-gcc | 1.0.1 | 27.63 | 57.18 | 84.81 | NOTE | |
r-devel-linux-x86_64-fedora-clang | 1.0.1 | 160.50 | NOTE | |||
r-devel-linux-x86_64-fedora-gcc | 1.0.1 | 146.21 | NOTE | |||
r-devel-windows-x86_64 | 1.0.1 | 32.00 | 91.00 | 123.00 | NOTE | |
r-patched-linux-x86_64 | 1.0.1 | 28.08 | 73.59 | 101.67 | NOTE | |
r-release-linux-x86_64 | 1.0.1 | 33.84 | 70.89 | 104.73 | NOTE | |
r-release-macos-arm64 | 1.0.1 | 45.00 | NOTE | |||
r-release-macos-x86_64 | 1.0.1 | 75.00 | NOTE | |||
r-release-windows-x86_64 | 1.0.1 | 34.00 | 93.00 | 127.00 | NOTE | |
r-oldrel-macos-arm64 | 1.0.1 | 46.00 | NOTE | |||
r-oldrel-macos-x86_64 | 1.0.1 | 71.00 | NOTE | |||
r-oldrel-windows-x86_64 | 1.0.1 | 40.00 | 113.00 | 153.00 | NOTE |
Version: 1.0.1
Check: C++ specification
Result: NOTE
Specified C++11: please drop specification unless essential
Flavors: r-devel-linux-x86_64-debian-clang, r-devel-linux-x86_64-debian-gcc, r-devel-linux-x86_64-fedora-clang, r-devel-linux-x86_64-fedora-gcc, r-devel-windows-x86_64, r-patched-linux-x86_64, r-release-linux-x86_64, r-release-macos-arm64, r-release-macos-x86_64, r-release-windows-x86_64, r-oldrel-macos-arm64, r-oldrel-macos-x86_64, r-oldrel-windows-x86_64
Version: 1.0.1
Check: compiled code
Result: NOTE
File ‘PenCoxFrail/libs/PenCoxFrail.so’:
Found no calls to: ‘R_registerRoutines’, ‘R_useDynamicSymbols’
It is good practice to register native routines and to disable symbol
search.
See ‘Writing portable packages’ in the ‘Writing R Extensions’ manual.
Flavors: r-devel-linux-x86_64-fedora-clang, r-devel-linux-x86_64-fedora-gcc