Last updated on 2024-07-04 15:49:40 CEST.
Flavor | Version | Tinstall | Tcheck | Ttotal | Status | Flags |
---|---|---|---|---|---|---|
r-devel-linux-x86_64-debian-clang | 1.1.18 | 68.23 | 44.19 | 112.42 | OK | |
r-devel-linux-x86_64-debian-gcc | 1.1.18 | 51.14 | 35.72 | 86.86 | OK | |
r-devel-linux-x86_64-fedora-clang | 1.1.18 | 150.62 | OK | |||
r-devel-linux-x86_64-fedora-gcc | 1.1.18 | 163.82 | OK | |||
r-devel-windows-x86_64 | 1.1.18 | 52.00 | 74.00 | 126.00 | OK | |
r-patched-linux-x86_64 | 1.1.18 | 64.24 | 44.18 | 108.42 | OK | |
r-release-linux-x86_64 | 1.1.18 | 56.81 | 44.40 | 101.21 | OK | |
r-release-macos-arm64 | 1.1.18 | 40.00 | NOTE | |||
r-release-macos-x86_64 | 1.1.18 | 61.00 | NOTE | |||
r-release-windows-x86_64 | 1.1.18 | 50.00 | 72.00 | 122.00 | OK | |
r-oldrel-macos-arm64 | 1.1.18 | 44.00 | NOTE | |||
r-oldrel-macos-x86_64 | 1.1.18 | 92.00 | NOTE | |||
r-oldrel-windows-x86_64 | 1.1.18 | 65.00 | 84.00 | 149.00 | OK |
Version: 1.1.18
Check: installed package size
Result: NOTE
installed size is 13.8Mb
sub-directories of 1Mb or more:
libs 13.1Mb
Flavors: r-release-macos-arm64, r-release-macos-x86_64, r-oldrel-macos-arm64, r-oldrel-macos-x86_64