Last updated on 2024-07-04 15:49:41 CEST.
Flavor | Version | Tinstall | Tcheck | Ttotal | Status | Flags |
---|---|---|---|---|---|---|
r-devel-linux-x86_64-debian-clang | 1.0.2 | 21.25 | 167.20 | 188.45 | NOTE | |
r-devel-linux-x86_64-debian-gcc | 1.0.2 | 16.59 | 121.66 | 138.25 | NOTE | |
r-devel-linux-x86_64-fedora-clang | 1.0.2 | 239.96 | NOTE | |||
r-devel-linux-x86_64-fedora-gcc | 1.0.2 | 228.92 | NOTE | |||
r-devel-windows-x86_64 | 1.0.2 | 23.00 | 199.00 | 222.00 | NOTE | |
r-patched-linux-x86_64 | 1.0.2 | 25.80 | 155.72 | 181.52 | NOTE | |
r-release-linux-x86_64 | 1.0.2 | 20.18 | 154.47 | 174.65 | NOTE | |
r-release-macos-arm64 | 1.0.2 | 83.00 | NOTE | |||
r-release-macos-x86_64 | 1.0.2 | 105.00 | NOTE | |||
r-release-windows-x86_64 | 1.0.2 | 26.00 | 190.00 | 216.00 | NOTE | |
r-oldrel-macos-arm64 | 1.0.2 | 68.00 | NOTE | |||
r-oldrel-macos-x86_64 | 1.0.2 | 111.00 | NOTE | |||
r-oldrel-windows-x86_64 | 1.0.2 | 22.00 | 169.00 | 191.00 | NOTE |
Version: 1.0.2
Check: LazyData
Result: NOTE
'LazyData' is specified without a 'data' directory
Flavors: r-devel-linux-x86_64-debian-clang, r-devel-linux-x86_64-debian-gcc, r-devel-linux-x86_64-fedora-clang, r-devel-linux-x86_64-fedora-gcc, r-devel-windows-x86_64, r-patched-linux-x86_64, r-release-linux-x86_64, r-release-macos-arm64, r-release-macos-x86_64, r-release-windows-x86_64, r-oldrel-macos-arm64, r-oldrel-macos-x86_64, r-oldrel-windows-x86_64