Last updated on 2024-07-04 15:49:41 CEST.
Flavor | Version | Tinstall | Tcheck | Ttotal | Status | Flags |
---|---|---|---|---|---|---|
r-devel-linux-x86_64-debian-clang | 0.0.2 | 61.07 | 29.12 | 90.19 | OK | |
r-devel-linux-x86_64-debian-gcc | 0.0.2 | 45.26 | 24.00 | 69.26 | OK | |
r-devel-linux-x86_64-fedora-clang | 0.0.2 | 130.04 | OK | |||
r-devel-linux-x86_64-fedora-gcc | 0.0.2 | 141.76 | OK | |||
r-devel-windows-x86_64 | 0.0.2 | 54.00 | 70.00 | 124.00 | OK | |
r-patched-linux-x86_64 | 0.0.2 | 48.56 | 29.17 | 77.73 | OK | |
r-release-linux-x86_64 | 0.0.2 | 57.11 | 29.00 | 86.11 | OK | |
r-release-macos-arm64 | 0.0.2 | 29.00 | NOTE | |||
r-release-macos-x86_64 | 0.0.2 | 42.00 | NOTE | |||
r-release-windows-x86_64 | 0.0.2 | 50.00 | 72.00 | 122.00 | OK | |
r-oldrel-macos-arm64 | 0.0.2 | 37.00 | NOTE | |||
r-oldrel-macos-x86_64 | 0.0.2 | 56.00 | NOTE | |||
r-oldrel-windows-x86_64 | 0.0.2 | 61.00 | 79.00 | 140.00 | OK |
Version: 0.0.2
Check: installed package size
Result: NOTE
installed size is 8.4Mb
sub-directories of 1Mb or more:
libs 8.0Mb
Flavors: r-release-macos-arm64, r-release-macos-x86_64, r-oldrel-macos-arm64, r-oldrel-macos-x86_64