Last updated on 2024-07-04 15:49:43 CEST.
Flavor | Version | Tinstall | Tcheck | Ttotal | Status | Flags |
---|---|---|---|---|---|---|
r-devel-linux-x86_64-debian-clang | 0.1 | 8.15 | 69.86 | 78.01 | NOTE | |
r-devel-linux-x86_64-debian-gcc | 0.1 | 6.44 | 53.41 | 59.85 | NOTE | |
r-devel-linux-x86_64-fedora-clang | 0.1 | 99.81 | NOTE | |||
r-devel-linux-x86_64-fedora-gcc | 0.1 | 92.58 | NOTE | |||
r-devel-windows-x86_64 | 0.1 | 7.00 | 67.00 | 74.00 | OK | |
r-patched-linux-x86_64 | 0.1 | 6.40 | 65.87 | 72.27 | NOTE | |
r-release-linux-x86_64 | 0.1 | 7.80 | 65.54 | 73.34 | NOTE | |
r-release-macos-arm64 | 0.1 | 31.00 | OK | |||
r-release-macos-x86_64 | 0.1 | 48.00 | OK | |||
r-release-windows-x86_64 | 0.1 | 7.00 | 67.00 | 74.00 | OK | |
r-oldrel-macos-arm64 | 0.1 | 35.00 | OK | |||
r-oldrel-macos-x86_64 | 0.1 | 50.00 | OK | |||
r-oldrel-windows-x86_64 | 0.1 | 9.00 | 81.00 | 90.00 | OK |
Version: 0.1
Check: for non-standard things in the check directory
Result: NOTE
Found the following files/directories:
‘database.csv’ ‘output.csv’ ‘output_clst.csv’
Flavors: r-devel-linux-x86_64-debian-clang, r-devel-linux-x86_64-debian-gcc, r-devel-linux-x86_64-fedora-clang, r-devel-linux-x86_64-fedora-gcc, r-patched-linux-x86_64, r-release-linux-x86_64