Last updated on 2025-02-21 15:52:05 CET.
Flavor | Version | Tinstall | Tcheck | Ttotal | Status | Flags |
---|---|---|---|---|---|---|
r-devel-linux-x86_64-debian-clang | 0.3.12 | 52.56 | 35.96 | 88.52 | OK | |
r-devel-linux-x86_64-debian-gcc | 0.3.12 | 37.14 | 29.87 | 67.01 | OK | |
r-devel-linux-x86_64-fedora-clang | 0.3.12 | 180.35 | OK | |||
r-devel-linux-x86_64-fedora-gcc | 0.3.12 | 180.98 | OK | |||
r-devel-macos-arm64 | 0.3.12 | 48.00 | OK | |||
r-devel-macos-x86_64 | 0.3.12 | 86.00 | OK | |||
r-devel-windows-x86_64 | 0.3.12 | 53.00 | 84.00 | 137.00 | OK | |
r-patched-linux-x86_64 | 0.3.12 | 54.72 | 35.27 | 89.99 | NOTE | |
r-release-linux-x86_64 | 0.3.12 | 54.19 | 35.22 | 89.41 | NOTE | |
r-release-macos-arm64 | 0.3.12 | 47.00 | NOTE | |||
r-release-macos-x86_64 | 0.3.12 | 74.00 | NOTE | |||
r-release-windows-x86_64 | 0.3.12 | 52.00 | 77.00 | 129.00 | NOTE | |
r-oldrel-macos-arm64 | 0.3.12 | 62.00 | NOTE | |||
r-oldrel-macos-x86_64 | 0.3.12 | 128.00 | NOTE | |||
r-oldrel-windows-x86_64 | 0.3.12 | 65.00 | 82.00 | 147.00 | NOTE |
Version: 0.3.12
Check: for GNU extensions in Makefiles
Result: NOTE
GNU make is a SystemRequirements.
Flavors: r-patched-linux-x86_64, r-release-linux-x86_64, r-release-macos-arm64, r-release-macos-x86_64, r-release-windows-x86_64, r-oldrel-macos-arm64, r-oldrel-macos-x86_64, r-oldrel-windows-x86_64
Version: 0.3.12
Check: installed package size
Result: NOTE
installed size is 5.8Mb
sub-directories of 1Mb or more:
libs 5.5Mb
Flavors: r-release-macos-arm64, r-release-macos-x86_64, r-oldrel-macos-arm64, r-oldrel-macos-x86_64