Last updated on 2024-07-04 15:49:45 CEST.
Flavor | Version | Tinstall | Tcheck | Ttotal | Status | Flags |
---|---|---|---|---|---|---|
r-devel-linux-x86_64-debian-clang | 0.3.1 | 7.59 | 90.87 | 98.46 | NOTE | |
r-devel-linux-x86_64-debian-gcc | 0.3.1 | 6.48 | 68.04 | 74.52 | NOTE | |
r-devel-linux-x86_64-fedora-clang | 0.3.1 | 123.15 | NOTE | |||
r-devel-linux-x86_64-fedora-gcc | 0.3.1 | 124.74 | NOTE | |||
r-devel-windows-x86_64 | 0.3.1 | 8.00 | 82.00 | 90.00 | NOTE | |
r-patched-linux-x86_64 | 0.3.1 | 8.56 | 87.00 | 95.56 | NOTE | |
r-release-linux-x86_64 | 0.3.1 | 8.54 | 88.03 | 96.57 | NOTE | |
r-release-macos-arm64 | 0.3.1 | 40.00 | NOTE | |||
r-release-macos-x86_64 | 0.3.1 | 63.00 | NOTE | |||
r-release-windows-x86_64 | 0.3.1 | 8.00 | 83.00 | 91.00 | NOTE | |
r-oldrel-macos-arm64 | 0.3.1 | 43.00 | OK | |||
r-oldrel-macos-x86_64 | 0.3.1 | 60.00 | OK | |||
r-oldrel-windows-x86_64 | 0.3.1 | 10.00 | 99.00 | 109.00 | OK |
Version: 0.3.1
Check: Rd files
Result: NOTE
checkRd: (-1) alcohol.Rd:16-18: Lost braces in \itemize; meant \describe ?
checkRd: (-1) alcohol.Rd:19-21: Lost braces in \itemize; meant \describe ?
checkRd: (-1) alcohol.Rd:22-26: Lost braces in \itemize; meant \describe ?
Flavors: r-devel-linux-x86_64-debian-clang, r-devel-linux-x86_64-debian-gcc, r-devel-linux-x86_64-fedora-clang, r-devel-linux-x86_64-fedora-gcc, r-devel-windows-x86_64, r-patched-linux-x86_64, r-release-linux-x86_64, r-release-macos-arm64, r-release-macos-x86_64, r-release-windows-x86_64