Last updated on 2024-07-04 15:49:47 CEST.
Flavor | Version | Tinstall | Tcheck | Ttotal | Status | Flags |
---|---|---|---|---|---|---|
r-devel-linux-x86_64-debian-clang | 0.1.1 | 13.46 | 120.62 | 134.08 | NOTE | |
r-devel-linux-x86_64-debian-gcc | 0.1.1 | 11.48 | 90.56 | 102.04 | NOTE | |
r-devel-linux-x86_64-fedora-clang | 0.1.1 | 167.80 | NOTE | |||
r-devel-linux-x86_64-fedora-gcc | 0.1.1 | 157.76 | NOTE | |||
r-devel-windows-x86_64 | 0.1.1 | 13.00 | 94.00 | 107.00 | NOTE | |
r-patched-linux-x86_64 | 0.1.1 | 10.48 | 115.74 | 126.22 | NOTE | |
r-release-linux-x86_64 | 0.1.1 | 8.09 | 113.71 | 121.80 | NOTE | |
r-release-macos-arm64 | 0.1.1 | 49.00 | NOTE | |||
r-release-macos-x86_64 | 0.1.1 | 65.00 | NOTE | |||
r-release-windows-x86_64 | 0.1.1 | 14.00 | 97.00 | 111.00 | NOTE | |
r-oldrel-macos-arm64 | 0.1.1 | 51.00 | NOTE | |||
r-oldrel-macos-x86_64 | 0.1.1 | 84.00 | NOTE | |||
r-oldrel-windows-x86_64 | 0.1.1 | 16.00 | 120.00 | 136.00 | NOTE |
Version: 0.1.1
Check: LazyData
Result: NOTE
'LazyData' is specified without a 'data' directory
Flavors: r-devel-linux-x86_64-debian-clang, r-devel-linux-x86_64-debian-gcc, r-devel-linux-x86_64-fedora-clang, r-devel-linux-x86_64-fedora-gcc, r-devel-windows-x86_64, r-patched-linux-x86_64, r-release-linux-x86_64, r-release-macos-arm64, r-release-macos-x86_64, r-release-windows-x86_64, r-oldrel-macos-arm64, r-oldrel-macos-x86_64, r-oldrel-windows-x86_64