Last updated on 2024-07-04 15:49:24 CEST.
Flavor | Version | Tinstall | Tcheck | Ttotal | Status | Flags |
---|---|---|---|---|---|---|
r-devel-linux-x86_64-debian-clang | 1.1.1 | 3.41 | 50.72 | 54.13 | OK | |
r-devel-linux-x86_64-debian-gcc | 1.1.1 | 3.48 | 39.07 | 42.55 | OK | |
r-devel-linux-x86_64-fedora-clang | 1.1.1 | 71.98 | NOTE | |||
r-devel-linux-x86_64-fedora-gcc | 1.1.1 | 81.12 | OK | |||
r-devel-windows-x86_64 | 1.1.1 | 7.00 | 70.00 | 77.00 | OK | |
r-patched-linux-x86_64 | 1.1.1 | 4.33 | 49.73 | 54.06 | OK | |
r-release-linux-x86_64 | 1.1.1 | 4.85 | 50.21 | 55.06 | OK | |
r-release-macos-arm64 | 1.1.1 | 30.00 | OK | |||
r-release-macos-x86_64 | 1.1.1 | 70.00 | OK | |||
r-release-windows-x86_64 | 1.1.1 | 5.00 | 70.00 | 75.00 | OK | |
r-oldrel-macos-arm64 | 1.1.1 | 46.00 | OK | |||
r-oldrel-macos-x86_64 | 1.1.1 | 111.00 | OK | |||
r-oldrel-windows-x86_64 | 1.1.1 | 5.00 | 77.00 | 82.00 | OK |
Version: 1.1.1
Check: Rd cross-references
Result: NOTE
Undeclared package ‘hyperSpec’ in Rd xrefs
Flavor: r-devel-linux-x86_64-fedora-clang