Last updated on 2025-02-22 03:50:39 CET.
Flavor | Version | Tinstall | Tcheck | Ttotal | Status | Flags |
---|---|---|---|---|---|---|
r-devel-linux-x86_64-debian-clang | 0.7.0 | 13.26 | 451.09 | 464.35 | OK | |
r-devel-linux-x86_64-debian-gcc | 0.7.0 | 8.79 | 263.06 | 271.85 | OK | |
r-devel-linux-x86_64-fedora-clang | 0.7.0 | 729.15 | OK | |||
r-devel-linux-x86_64-fedora-gcc | 0.7.0 | 376.41 | OK | |||
r-devel-macos-arm64 | 0.6.0 | 207.00 | OK | |||
r-devel-macos-x86_64 | 0.7.0 | 320.00 | OK | |||
r-devel-windows-x86_64 | 0.6.0 | 15.00 | 415.00 | 430.00 | OK | |
r-patched-linux-x86_64 | 0.6.0 | 11.89 | 415.90 | 427.79 | OK | |
r-release-linux-x86_64 | 0.7.0 | 10.83 | 433.49 | 444.32 | OK | |
r-release-macos-arm64 | 0.6.0 | 175.00 | OK | |||
r-release-macos-x86_64 | 0.7.0 | 352.00 | OK | |||
r-release-windows-x86_64 | 0.7.0 | 13.00 | 422.00 | 435.00 | OK | |
r-oldrel-macos-arm64 | 0.6.0 | 176.00 | OK | |||
r-oldrel-macos-x86_64 | 0.7.0 | 443.00 | NOTE | |||
r-oldrel-windows-x86_64 | 0.7.0 | 19.00 | 563.00 | 582.00 | OK |
Version: 0.7.0
Check: installed package size
Result: NOTE
installed size is 5.0Mb
sub-directories of 1Mb or more:
data 4.7Mb
Flavor: r-oldrel-macos-x86_64