Last updated on 2024-06-25 15:48:09 CEST.
Flavor | Version | Tinstall | Tcheck | Ttotal | Status | Flags |
---|---|---|---|---|---|---|
r-devel-linux-x86_64-debian-clang | 0.1.3 | OK | ||||
r-devel-linux-x86_64-debian-gcc | 0.1.3 | 6.44 | 32.60 | 39.04 | OK | |
r-devel-linux-x86_64-fedora-clang | 0.1.3 | 63.34 | NOTE | |||
r-devel-linux-x86_64-fedora-gcc | 0.1.3 | 59.96 | NOTE | |||
r-devel-windows-x86_64 | 0.1.3 | 9.00 | 57.00 | 66.00 | OK | |
r-patched-linux-x86_64 | 0.1.3 | 6.99 | 41.70 | 48.69 | OK | |
r-release-linux-x86_64 | 0.1.3 | 7.66 | 41.19 | 48.85 | OK | |
r-release-macos-arm64 | 0.1.3 | 23.00 | OK | |||
r-release-macos-x86_64 | 0.1.3 | 33.00 | OK | |||
r-release-windows-x86_64 | 0.1.3 | 8.00 | 57.00 | 65.00 | OK | |
r-oldrel-macos-arm64 | 0.1.3 | 24.00 | OK | |||
r-oldrel-macos-x86_64 | 0.1.3 | 37.00 | OK | |||
r-oldrel-windows-x86_64 | 0.1.3 | 11.00 | 62.00 | 73.00 | OK |
Version: 0.1.3
Check: data for non-ASCII characters
Result: NOTE
Note: found 32 marked UTF-8 strings
Flavors: r-devel-linux-x86_64-fedora-clang, r-devel-linux-x86_64-fedora-gcc