Last updated on 2024-07-04 15:49:27 CEST.
Flavor | Version | Tinstall | Tcheck | Ttotal | Status | Flags |
---|---|---|---|---|---|---|
r-devel-linux-x86_64-debian-clang | 2.3.2 | 16.79 | 36.87 | 53.66 | OK | |
r-devel-linux-x86_64-debian-gcc | 2.3.2 | 11.68 | 27.18 | 38.86 | OK | |
r-devel-linux-x86_64-fedora-clang | 2.3.2 | 78.97 | OK | |||
r-devel-linux-x86_64-fedora-gcc | 2.3.2 | 68.35 | OK | |||
r-devel-windows-x86_64 | 2.3.1 | 14.00 | 61.00 | 75.00 | NOTE | |
r-patched-linux-x86_64 | 2.3.2 | 13.21 | 35.28 | 48.49 | OK | |
r-release-linux-x86_64 | 2.3.2 | 13.46 | 34.28 | 47.74 | OK | |
r-release-macos-arm64 | 2.3.2 | 39.00 | OK | |||
r-release-macos-x86_64 | 2.3.2 | 52.00 | OK | |||
r-release-windows-x86_64 | 2.3.2 | 18.00 | 63.00 | 81.00 | OK | |
r-oldrel-macos-arm64 | 2.3.2 | 35.00 | OK | |||
r-oldrel-macos-x86_64 | 2.3.2 | 61.00 | OK | |||
r-oldrel-windows-x86_64 | 2.3.2 | 22.00 | 88.00 | 110.00 | OK |
Version: 2.3.1
Check: C++ specification
Result: NOTE
Specified C++11: please drop specification unless essential
Flavor: r-devel-windows-x86_64