Last updated on 2024-07-04 15:49:27 CEST.
Flavor | Version | Tinstall | Tcheck | Ttotal | Status | Flags |
---|---|---|---|---|---|---|
r-devel-linux-x86_64-debian-clang | 0.2 | 1.79 | 27.01 | 28.80 | NOTE | |
r-devel-linux-x86_64-debian-gcc | 0.2 | 1.81 | 20.49 | 22.30 | NOTE | |
r-devel-linux-x86_64-fedora-clang | 0.2 | 38.15 | NOTE | |||
r-devel-linux-x86_64-fedora-gcc | 0.2 | 118.01 | NOTE | |||
r-devel-windows-x86_64 | 0.2 | 3.00 | 43.00 | 46.00 | NOTE | |
r-patched-linux-x86_64 | 0.2 | 2.38 | 25.41 | 27.79 | NOTE | |
r-release-linux-x86_64 | 0.2 | 2.20 | 25.30 | 27.50 | NOTE | |
r-release-macos-arm64 | 0.2 | 37.00 | NOTE | |||
r-release-macos-x86_64 | 0.2 | 69.00 | NOTE | |||
r-release-windows-x86_64 | 0.2 | 3.00 | 43.00 | 46.00 | NOTE | |
r-oldrel-macos-arm64 | 0.2 | 39.00 | NOTE | |||
r-oldrel-macos-x86_64 | 0.2 | 69.00 | NOTE | |||
r-oldrel-windows-x86_64 | 0.2 | 3.00 | 44.00 | 47.00 | NOTE |
Version: 0.2
Check: LazyData
Result: NOTE
'LazyData' is specified without a 'data' directory
Flavors: r-devel-linux-x86_64-debian-clang, r-devel-linux-x86_64-debian-gcc, r-devel-linux-x86_64-fedora-clang, r-devel-linux-x86_64-fedora-gcc, r-devel-windows-x86_64, r-patched-linux-x86_64, r-release-linux-x86_64, r-release-macos-arm64, r-release-macos-x86_64, r-release-windows-x86_64, r-oldrel-macos-arm64, r-oldrel-macos-x86_64, r-oldrel-windows-x86_64