Last updated on 2024-07-04 15:49:28 CEST.
Flavor | Version | Tinstall | Tcheck | Ttotal | Status | Flags |
---|---|---|---|---|---|---|
r-devel-linux-x86_64-debian-clang | 1.1.2 | 12.37 | 72.36 | 84.73 | OK | |
r-devel-linux-x86_64-debian-gcc | 1.1.2 | 9.11 | 53.45 | 62.56 | OK | |
r-devel-linux-x86_64-fedora-clang | 1.1.2 | 106.00 | NOTE | |||
r-devel-linux-x86_64-fedora-gcc | 1.1.2 | 99.03 | NOTE | |||
r-devel-windows-x86_64 | 1.1.2 | 14.00 | 76.00 | 90.00 | OK | |
r-patched-linux-x86_64 | 1.1.2 | 11.82 | 67.87 | 79.69 | OK | |
r-release-linux-x86_64 | 1.1.2 | 10.82 | 68.65 | 79.47 | OK | |
r-release-macos-arm64 | 1.1.2 | 36.00 | OK | |||
r-release-macos-x86_64 | 1.1.2 | 47.00 | OK | |||
r-release-windows-x86_64 | 1.1.2 | 13.00 | 76.00 | 89.00 | OK | |
r-oldrel-macos-arm64 | 1.1.2 | 39.00 | OK | |||
r-oldrel-macos-x86_64 | 1.1.2 | 59.00 | OK | |||
r-oldrel-windows-x86_64 | 1.1.2 | 17.00 | 87.00 | 104.00 | OK |
Version: 1.1.2
Check: compiled code
Result: NOTE
File ‘crrSC/libs/crrSC.so’:
Found no calls to: ‘R_registerRoutines’, ‘R_useDynamicSymbols’
It is good practice to register native routines and to disable symbol
search.
See ‘Writing portable packages’ in the ‘Writing R Extensions’ manual.
Flavors: r-devel-linux-x86_64-fedora-clang, r-devel-linux-x86_64-fedora-gcc