Last updated on 2024-07-04 15:49:31 CEST.
Flavor | Version | Tinstall | Tcheck | Ttotal | Status | Flags |
---|---|---|---|---|---|---|
r-devel-linux-x86_64-debian-clang | 2.0.6 | 48.63 | 719.43 | 768.06 | NOTE | |
r-devel-linux-x86_64-debian-gcc | 2.0.6 | 40.44 | 513.67 | 554.11 | NOTE | |
r-devel-linux-x86_64-fedora-clang | 2.0.6 | 924.13 | NOTE | |||
r-devel-linux-x86_64-fedora-gcc | 2.0.6 | 1106.78 | NOTE | |||
r-devel-windows-x86_64 | 2.0.6 | 41.00 | 446.00 | 487.00 | NOTE | |
r-patched-linux-x86_64 | 2.0.6 | 43.10 | 717.59 | 760.69 | NOTE | |
r-release-linux-x86_64 | 2.0.6 | 39.35 | 705.61 | 744.96 | NOTE | |
r-release-macos-arm64 | 2.0.6 | 253.00 | NOTE | |||
r-release-macos-x86_64 | 2.0.6 | 387.00 | NOTE | |||
r-release-windows-x86_64 | 2.0.6 | 41.00 | 448.00 | 489.00 | NOTE | |
r-oldrel-macos-arm64 | 2.0.6 | 256.00 | NOTE | |||
r-oldrel-macos-x86_64 | 2.0.6 | 649.00 | NOTE | |||
r-oldrel-windows-x86_64 | 2.0.6 | 53.00 | 580.00 | 633.00 | NOTE |
Version: 2.0.6
Check: package dependencies
Result: NOTE
Package suggested but not available for checking: ‘RandomFields’
Package which this enhances but not available for checking: ‘INLA’
Flavors: r-devel-linux-x86_64-debian-clang, r-devel-linux-x86_64-debian-gcc, r-patched-linux-x86_64, r-release-linux-x86_64, r-release-macos-arm64, r-release-macos-x86_64, r-oldrel-macos-arm64, r-oldrel-macos-x86_64, r-oldrel-windows-x86_64
Version: 2.0.6
Check: package dependencies
Result: NOTE
Package suggested but not available for checking: ‘RandomFields’
Flavors: r-devel-linux-x86_64-fedora-clang, r-devel-linux-x86_64-fedora-gcc, r-devel-windows-x86_64, r-release-windows-x86_64
Version: 2.0.6
Check: data for non-ASCII characters
Result: NOTE
Note: found 4 marked UTF-8 strings
Flavors: r-devel-linux-x86_64-fedora-clang, r-devel-linux-x86_64-fedora-gcc