Last updated on 2024-07-04 15:49:33 CEST.
Flavor | Version | Tinstall | Tcheck | Ttotal | Status | Flags |
---|---|---|---|---|---|---|
r-devel-linux-x86_64-debian-clang | 0.2.2 | 207.07 | 61.08 | 268.15 | NOTE | |
r-devel-linux-x86_64-debian-gcc | 0.2.2 | 160.28 | 45.55 | 205.83 | NOTE | |
r-devel-linux-x86_64-fedora-clang | 0.2.2 | 406.58 | NOTE | |||
r-devel-linux-x86_64-fedora-gcc | 0.2.2 | 459.39 | NOTE | |||
r-devel-windows-x86_64 | 0.2.2 | 168.00 | 92.00 | 260.00 | NOTE | |
r-patched-linux-x86_64 | 0.2.2 | 194.35 | 58.26 | 252.61 | NOTE | |
r-release-linux-x86_64 | 0.2.2 | 202.09 | 58.21 | 260.30 | NOTE | |
r-release-macos-arm64 | 0.2.2 | 81.00 | NOTE | |||
r-release-macos-x86_64 | 0.2.2 | 79.00 | NOTE | |||
r-release-windows-x86_64 | 0.2.2 | 168.00 | 93.00 | 261.00 | NOTE | |
r-oldrel-macos-arm64 | 0.2.2 | 96.00 | NOTE | |||
r-oldrel-macos-x86_64 | 0.2.2 | 173.00 | NOTE | |||
r-oldrel-windows-x86_64 | 0.2.2 | 203.00 | 108.00 | 311.00 | NOTE |
Version: 0.2.2
Check: C++ specification
Result: NOTE
Specified C++11: please drop specification unless essential
Flavors: r-devel-linux-x86_64-debian-clang, r-devel-linux-x86_64-debian-gcc, r-devel-linux-x86_64-fedora-clang, r-devel-linux-x86_64-fedora-gcc, r-devel-windows-x86_64, r-patched-linux-x86_64, r-release-linux-x86_64, r-release-macos-arm64, r-release-macos-x86_64, r-release-windows-x86_64, r-oldrel-macos-arm64, r-oldrel-macos-x86_64, r-oldrel-windows-x86_64
Version: 0.2.2
Check: Rd files
Result: NOTE
checkRd: (-1) cox_cure_net.Rd:132: Lost braces
132 | \code{surv_lambda} (or code{cure_lambda}) that produces all-zero
| ^
Flavors: r-devel-linux-x86_64-debian-clang, r-devel-linux-x86_64-debian-gcc, r-devel-linux-x86_64-fedora-clang, r-devel-linux-x86_64-fedora-gcc, r-devel-windows-x86_64, r-patched-linux-x86_64, r-release-linux-x86_64, r-release-macos-arm64, r-release-macos-x86_64, r-release-windows-x86_64
Version: 0.2.2
Check: LazyData
Result: NOTE
'LazyData' is specified without a 'data' directory
Flavors: r-devel-linux-x86_64-debian-clang, r-devel-linux-x86_64-debian-gcc, r-devel-linux-x86_64-fedora-clang, r-devel-linux-x86_64-fedora-gcc, r-devel-windows-x86_64, r-patched-linux-x86_64, r-release-linux-x86_64, r-release-macos-arm64, r-release-macos-x86_64, r-release-windows-x86_64, r-oldrel-macos-arm64, r-oldrel-macos-x86_64, r-oldrel-windows-x86_64
Version: 0.2.2
Check: installed package size
Result: NOTE
installed size is 11.4Mb
sub-directories of 1Mb or more:
libs 10.7Mb
Flavors: r-release-macos-arm64, r-release-macos-x86_64, r-oldrel-macos-arm64, r-oldrel-macos-x86_64