Last updated on 2024-07-04 15:49:33 CEST.
Flavor | Version | Tinstall | Tcheck | Ttotal | Status | Flags |
---|---|---|---|---|---|---|
r-devel-linux-x86_64-debian-clang | 1.9 | 5.31 | 55.09 | 60.40 | NOTE | |
r-devel-linux-x86_64-debian-gcc | 1.9 | 4.63 | 41.45 | 46.08 | NOTE | |
r-devel-linux-x86_64-fedora-clang | 1.9 | 75.99 | NOTE | |||
r-devel-linux-x86_64-fedora-gcc | 1.9 | 71.69 | NOTE | |||
r-devel-windows-x86_64 | 1.9 | 6.00 | 64.00 | 70.00 | OK | |
r-patched-linux-x86_64 | 1.9 | 5.83 | 52.61 | 58.44 | NOTE | |
r-release-linux-x86_64 | 1.9 | 6.61 | 52.74 | 59.35 | NOTE | |
r-release-macos-arm64 | 1.9 | 24.00 | OK | |||
r-release-macos-x86_64 | 1.9 | 39.00 | OK | |||
r-release-windows-x86_64 | 1.9 | 6.00 | 63.00 | 69.00 | OK | |
r-oldrel-macos-arm64 | 1.9 | 24.00 | OK | |||
r-oldrel-macos-x86_64 | 1.9 | 51.00 | OK | |||
r-oldrel-windows-x86_64 | 1.9 | 8.00 | 70.00 | 78.00 | OK |
Version: 1.9
Check: for non-standard things in the check directory
Result: NOTE
Found the following files/directories:
‘RMTplot.pdf’
Flavors: r-devel-linux-x86_64-debian-clang, r-devel-linux-x86_64-debian-gcc, r-devel-linux-x86_64-fedora-clang, r-devel-linux-x86_64-fedora-gcc, r-patched-linux-x86_64, r-release-linux-x86_64