Last updated on 2024-07-04 15:49:37 CEST.
Flavor | Version | Tinstall | Tcheck | Ttotal | Status | Flags |
---|---|---|---|---|---|---|
r-devel-linux-x86_64-debian-clang | 0.2.0 | 5.75 | 61.50 | 67.25 | NOTE | |
r-devel-linux-x86_64-debian-gcc | 0.2.0 | 5.62 | 46.97 | 52.59 | NOTE | |
r-devel-linux-x86_64-fedora-clang | 0.2.0 | 84.04 | NOTE | |||
r-devel-linux-x86_64-fedora-gcc | 0.2.0 | 80.52 | NOTE | |||
r-devel-windows-x86_64 | 0.2.0 | 7.00 | 65.00 | 72.00 | NOTE | |
r-patched-linux-x86_64 | 0.2.0 | 6.52 | 57.00 | 63.52 | NOTE | |
r-release-linux-x86_64 | 0.2.0 | 5.65 | 57.84 | 63.49 | NOTE | |
r-release-macos-arm64 | 0.2.0 | 27.00 | NOTE | |||
r-release-macos-x86_64 | 0.2.0 | 40.00 | NOTE | |||
r-release-windows-x86_64 | 0.2.0 | 7.00 | 59.00 | 66.00 | NOTE | |
r-oldrel-macos-arm64 | 0.2.0 | 32.00 | NOTE | |||
r-oldrel-macos-x86_64 | 0.2.0 | 48.00 | NOTE | |||
r-oldrel-windows-x86_64 | 0.2.0 | 8.00 | 68.00 | 76.00 | NOTE |
Version: 0.2.0
Check: LazyData
Result: NOTE
'LazyData' is specified without a 'data' directory
Flavors: r-devel-linux-x86_64-debian-clang, r-devel-linux-x86_64-debian-gcc, r-devel-linux-x86_64-fedora-clang, r-devel-linux-x86_64-fedora-gcc, r-devel-windows-x86_64, r-patched-linux-x86_64, r-release-linux-x86_64, r-release-macos-arm64, r-release-macos-x86_64, r-release-windows-x86_64, r-oldrel-macos-arm64, r-oldrel-macos-x86_64, r-oldrel-windows-x86_64