Last updated on 2025-02-22 15:50:55 CET.
Flavor | Version | Tinstall | Tcheck | Ttotal | Status | Flags |
---|---|---|---|---|---|---|
r-devel-linux-x86_64-debian-clang | 0.1.0 | 1.19 | 16.76 | 17.95 | OK | |
r-devel-linux-x86_64-debian-gcc | 0.1.0 | 1.32 | 13.82 | 15.14 | OK | |
r-devel-linux-x86_64-fedora-clang | 0.1.0 | 31.39 | OK | |||
r-devel-linux-x86_64-fedora-gcc | 0.1.0 | 30.26 | OK | |||
r-devel-macos-arm64 | 0.1.0 | 13.00 | OK | |||
r-devel-macos-x86_64 | 0.1.0 | 21.00 | OK | |||
r-devel-windows-x86_64 | 0.1.0 | 3.00 | 40.00 | 43.00 | OK | |
r-patched-linux-x86_64 | 0.1.0 | 1.67 | 16.20 | 17.87 | OK | |
r-release-linux-x86_64 | 0.1.0 | 1.41 | 16.02 | 17.43 | OK | |
r-release-macos-arm64 | 0.1.0 | 13.00 | NOTE | |||
r-release-macos-x86_64 | 0.1.0 | 18.00 | NOTE | |||
r-release-windows-x86_64 | 0.1.0 | 3.00 | 41.00 | 44.00 | NOTE | |
r-oldrel-macos-arm64 | 0.1.0 | 17.00 | NOTE | |||
r-oldrel-macos-x86_64 | 0.1.0 | 18.00 | NOTE | |||
r-oldrel-windows-x86_64 | 0.1.0 | 3.00 | 40.00 | 43.00 | NOTE |
Version: 0.1.0
Check: package dependencies
Result: NOTE
Package suggested but not available for checking: ‘Rcplex’
Flavors: r-release-macos-arm64, r-release-macos-x86_64, r-release-windows-x86_64, r-oldrel-macos-arm64, r-oldrel-macos-x86_64, r-oldrel-windows-x86_64