Last updated on 2025-02-22 15:50:57 CET.
Flavor | Version | Tinstall | Tcheck | Ttotal | Status | Flags |
---|---|---|---|---|---|---|
r-devel-linux-x86_64-debian-clang | 1.0.4 | 6.96 | 378.85 | 385.81 | OK | |
r-devel-linux-x86_64-debian-gcc | 1.0.4 | 3.89 | 341.91 | 345.80 | OK | |
r-devel-linux-x86_64-fedora-clang | 1.0.4 | 550.00 | OK | |||
r-devel-linux-x86_64-fedora-gcc | 1.0.4 | 777.38 | OK | |||
r-devel-macos-arm64 | 1.0.4 | 149.00 | OK | |||
r-devel-macos-x86_64 | 1.0.4 | 362.00 | OK | |||
r-devel-windows-x86_64 | 1.0.4 | 8.00 | 354.00 | 362.00 | OK | |
r-patched-linux-x86_64 | 1.0.4 | 7.43 | 454.37 | 461.80 | NOTE | |
r-release-linux-x86_64 | 1.0.4 | 6.44 | 443.44 | 449.88 | NOTE | |
r-release-macos-arm64 | 1.0.4 | 169.00 | NOTE | |||
r-release-macos-x86_64 | 1.0.4 | 252.00 | NOTE | |||
r-release-windows-x86_64 | 1.0.4 | 10.00 | 353.00 | 363.00 | NOTE | |
r-oldrel-macos-arm64 | 1.0.4 | 158.00 | NOTE | |||
r-oldrel-macos-x86_64 | 1.0.4 | 280.00 | NOTE | |||
r-oldrel-windows-x86_64 | 1.0.4 | 10.00 | 448.00 | 458.00 | NOTE |
Version: 1.0.4
Check: package dependencies
Result: NOTE
Packages suggested but not available for checking: 'cmdstanr', 'iwmm'
Flavors: r-patched-linux-x86_64, r-release-linux-x86_64, r-release-macos-arm64, r-release-macos-x86_64, r-release-windows-x86_64, r-oldrel-macos-arm64, r-oldrel-macos-x86_64, r-oldrel-windows-x86_64