Last updated on 2024-07-04 15:49:44 CEST.
Flavor | Version | Tinstall | Tcheck | Ttotal | Status | Flags |
---|---|---|---|---|---|---|
r-devel-linux-x86_64-debian-clang | 0.3.3 | 36.19 | 30.90 | 67.09 | OK | |
r-devel-linux-x86_64-debian-gcc | 0.3.3 | 23.11 | 23.96 | 47.07 | OK | |
r-devel-linux-x86_64-fedora-clang | 0.3.3 | 91.65 | OK | |||
r-devel-linux-x86_64-fedora-gcc | 0.3.3 | 88.24 | OK | |||
r-devel-windows-x86_64 | 0.3.3 | 29.00 | 69.00 | 98.00 | OK | |
r-patched-linux-x86_64 | 0.3.3 | 26.58 | 29.16 | 55.74 | OK | |
r-release-linux-x86_64 | 0.3.3 | 25.88 | 29.02 | 54.90 | OK | |
r-release-macos-arm64 | 0.3.3 | 37.00 | NOTE | |||
r-release-macos-x86_64 | 0.3.3 | 36.00 | NOTE | |||
r-release-windows-x86_64 | 0.3.3 | 29.00 | 68.00 | 97.00 | OK | |
r-oldrel-macos-arm64 | 0.3.3 | 44.00 | NOTE | |||
r-oldrel-macos-x86_64 | 0.3.3 | 90.00 | NOTE | |||
r-oldrel-windows-x86_64 | 0.3.3 | 30.00 | 75.00 | 105.00 | OK |
Version: 0.3.3
Check: installed package size
Result: NOTE
installed size is 5.2Mb
sub-directories of 1Mb or more:
include 2.1Mb
libs 3.0Mb
Flavors: r-release-macos-arm64, r-release-macos-x86_64, r-oldrel-macos-arm64, r-oldrel-macos-x86_64