Last updated on 2024-07-04 15:49:45 CEST.
Flavor | Version | Tinstall | Tcheck | Ttotal | Status | Flags |
---|---|---|---|---|---|---|
r-devel-linux-x86_64-debian-clang | 0.0-25 | 3.97 | 24.68 | 28.65 | NOTE | |
r-devel-linux-x86_64-debian-gcc | 0.0-25 | 3.50 | 19.69 | 23.19 | NOTE | |
r-devel-linux-x86_64-fedora-clang | 0.0-25 | 38.50 | NOTE | |||
r-devel-linux-x86_64-fedora-gcc | 0.0-25 | 35.89 | NOTE | |||
r-devel-windows-x86_64 | 0.0-25 | 7.00 | 44.00 | 51.00 | NOTE | |
r-patched-linux-x86_64 | 0.0-25 | 3.38 | 23.40 | 26.78 | OK | |
r-release-linux-x86_64 | 0.0-25 | 3.83 | 23.72 | 27.55 | OK | |
r-release-macos-arm64 | 0.0-25 | 17.00 | OK | |||
r-release-macos-x86_64 | 0.0-25 | 24.00 | OK | |||
r-release-windows-x86_64 | 0.0-25 | 7.00 | 43.00 | 50.00 | OK | |
r-oldrel-macos-arm64 | 0.0-25 | 23.00 | OK | |||
r-oldrel-macos-x86_64 | 0.0-25 | 43.00 | OK | |||
r-oldrel-windows-x86_64 | 0.0-25 | 8.00 | 46.00 | 54.00 | OK |
Version: 0.0-25
Check: compiled code
Result: NOTE
File ‘tau/libs/tau.so’:
Found non-API call to R: ‘SET_S4_OBJECT’
Compiled code should not call non-API entry points in R.
See ‘Writing portable packages’ in the ‘Writing R Extensions’ manual.
See section ‘Moving into C API compliance’ in the ‘Writing R
Extensions’ manual for issues with use of non-API entry points.
Flavor: r-devel-linux-x86_64-debian-clang
Version: 0.0-25
Check: compiled code
Result: NOTE
File ‘tau/libs/tau.so’:
Found non-API call to R: ‘SET_S4_OBJECT’
Compiled code should not call non-API entry points in R.
See ‘Writing portable packages’ in the ‘Writing R Extensions’ manual,
and section ‘Moving into C API compliance’ for issues with the use of
non-API entry points.
Flavors: r-devel-linux-x86_64-debian-gcc, r-devel-linux-x86_64-fedora-clang, r-devel-linux-x86_64-fedora-gcc
Version: 0.0-25
Check: compiled code
Result: NOTE
File 'tau/libs/x64/tau.dll':
Found non-API call to R: 'SET_S4_OBJECT'
Compiled code should not call non-API entry points in R.
See 'Writing portable packages' in the 'Writing R Extensions' manual.
See section 'Moving into C API compliance' in the 'Writing R
Extensions' manual for issues with use of non-API entry points.
Flavor: r-devel-windows-x86_64